 3. Let z be i(2). Let y = z - -105. Suppose m - y = -8*m. Calculate the highest common divisor of m and 22.
22
Suppose 5*v + 4*y - 37 = 0, 0 = 5*v - 2*y + 8 - 27. Suppose h - v*r - 4 = 0, -2 = 3*r - 5. Calculate the greatest common factor of h and 1107.
9
Let v(b) = -63*b + 4874. Let t be v(70). What is the highest common divisor of t and 44?
4
Let b = -3 - -7. Suppose -6*t = -8 - b. Suppose 2*q - 318 = -2*p, -t*p - 2*q + 3*q = -324. Calculate the highest common factor of p and 23.
23
Let c be (6 + -3)*(-3 - -54). What is the greatest common factor of c and 144?
9
Let n = -51 - -61. Suppose 0 = -p + o + 5, 0*o = 2*o - n. Let x(t) = 5*t + 20. Let v be x(2). What is the highest common factor of p and v?
10
Let h = 3482 - 2646. Calculate the highest common factor of h and 380.
76
Let m(k) = 45*k**2 - 41*k + 8. Let j be m(-4). Calculate the highest common divisor of 4 and j.
4
Suppose 41*t = 58*t + 21*t - 85158. What is the greatest common factor of t and 45?
9
Let b = -73 + -3. Let y = 204 + b. Suppose -3*i - 2*w = 32 - 118, 3*w = 4*i - 143. Calculate the highest common divisor of y and i.
32
Let m be (-4)/(-6) + 1536/(-9). Let d = m - -401. Let q be 4/26 + (-1281)/(-39). What is the highest common divisor of d and q?
33
Let h be ((-4)/((-24)/(-45)))/((589/570)/(-31)). What is the greatest common factor of 40725 and h?
225
Let x(i) = 28*i**3 - 12*i**2 + 2*i + 7. Suppose 0 = 39*p - 99 - 57. Let o be x(p). What is the highest common divisor of 95 and o?
95
Suppose -2*y + 395 + 9 = 0. Suppose 24*d - 374 = y. What is the greatest common divisor of d and 600?
24
Let n(j) = -j**2 - 9*j + 7. Let x be n(-9). Let g = x - 3. Suppose -126*d - 103*d = -197*d - 192. What is the highest common factor of g and d?
2
Let w = 156 - 151. Suppose w*x + 22 = 517. Let i be 4/(-18) + 202/18. Calculate the highest common factor of x and i.
11
Suppose 4*x - 15976 = -5*v, -37*x + 39*x = -2*v + 6392. What is the highest common divisor of 8 and v?
8
Let r(i) = i**2 - 33*i - 736. Let a be r(51). Calculate the greatest common factor of 3549 and a.
91
Let p = 31 + -3. Suppose 2*h = 33*z - p*z + 756, 0 = -5*h - 3*z + 1890. What is the greatest common factor of 36 and h?
18
Let q(r) = r + 19. Let d be q(-12). Suppose d*w = 12 + 2. What is the greatest common factor of 1 and w?
1
Let x(a) = 2164*a**2 + 62*a - 57. Let c be x(1). Calculate the greatest common divisor of 99 and c.
9
Suppose 4*d + 12*s = 8*s - 4, -d + 7 = -3*s. Suppose -j = -3*t - 7, -17*t = -j - 12*t + d. Calculate the greatest common divisor of j and 112.
16
Let g(h) = -18*h + 38*h - 4 - 14*h. Let u be g(6). Suppose -6*p = -7*p + 4*q, 4*p - 36 = -2*q. What is the greatest common factor of u and p?
8
Let a(f) = 882*f - 133. Let y be a(4). What is the greatest common divisor of y and 70?
35
Let i = -112 + 168. Let j = -231918 + 232352. Calculate the highest common divisor of j and i.
14
Let x(u) = 286*u**2 - 2*u + 1. Let h be x(1). Let j = 4562 + -4547. What is the greatest common divisor of h and j?
15
Let g = 1366 - -520. Calculate the greatest common divisor of g and 23.
23
Let n be 1 + (68/(-6))/(42/63). Let c be 4*4/n*-25. What is the greatest common divisor of 125 and c?
25
Let q = -37 + 85. Suppose 2*r = -740 + 846. Suppose -11*b - r*b = -768. Calculate the greatest common divisor of b and q.
12
Suppose 1232 = -12*t + 3884. Calculate the greatest common divisor of 459 and t.
17
Suppose -18*r = -62*r + 12*r + 192. Calculate the greatest common divisor of 33 and r.
3
Let a = -661 - -661. Suppose a = 2052*s - 2060*s + 128. Calculate the greatest common divisor of s and 688.
16
Suppose 0 = -27*k + 40*k - 429. Calculate the greatest common divisor of k and 693.
33
Suppose s = 3*o, -6*s + 3*s + 7 = -2*o. Suppose 0 = 3*b + 3, 3*m + 2*m + s*b - 297 = 0. What is the greatest common factor of m and 36?
12
Suppose 0 = 25*q - 9894 + 3169. Suppose 2107 + q = 11*d. What is the greatest common divisor of d and 8?
8
Suppose 0*l - 26 = -3*l - 5*x, -l + 4 = -3*x. Suppose -11*f = -l*f - 28. Suppose -f*i + 6 = -4*i. What is the highest common factor of 16 and i?
2
Let a = -12721 + 12981. Calculate the greatest common divisor of a and 3328.
52
Let y be (-777)/(-63) + ((-64)/12 - -5). Let m be 0/(-4) - -7*3. Calculate the greatest common divisor of m and y.
3
Let a(v) = 12*v**2 + 11*v + 23. Let r be a(5). What is the greatest common factor of 196 and r?
14
Let x = 207 - 114. Let m(r) = -49*r**2 + 2*r - 1. Let n be m(1). Let a = x + n. What is the greatest common factor of a and 18?
9
Let w(f) be the third derivative of f**6/120 + 11*f**5/60 + 13*f**4/24 - 6*f**3 + 134*f**2. Let m be w(-9). What is the greatest common factor of 1377 and m?
9
Let p(x) = -353*x - 4211. Let a be p(-12). Let m(n) = n. Let q be m(-1). Let z be q*(148/(-2) - 1). Calculate the highest common divisor of a and z.
25
Let z = 5 + 25. Let k(m) = 2*m**2 + 16*m + 35. Let q be 5 + ((0 + -1)*5 - 10). Let w be k(q). Calculate the greatest common factor of z and w.
15
Let y be -1 + (-4 - (-30)/5). Let v be 2 - (y - (2 - 1)). Suppose -3*b = 3*h + v*h - 50, -5*b + 2*h = -42. What is the greatest common factor of b and 5?
5
Let i(t) = -4*t**3 + 12*t**2 + 3. Let g be i(3). Suppose -3*o + 39 = 3*p - 0*o, g*p = -5*o + 47. What is the greatest common divisor of p and 369?
9
Suppose 4*u = -88 + 36. Let s be 6/(2 + 24/u). Suppose 2*q = -q + s. What is the highest common factor of 65 and q?
13
Let w be ((-204)/(-3 + -1))/(6 + -3). Suppose 0 = w*j - 9*j - 144. Calculate the highest common divisor of 72 and j.
18
Let v(j) = j**2 - 16*j - 17. Let u be v(-3). Let q be 1/1 - (-1 + 3). Let k be q/((-3)/12) - -1. Calculate the greatest common divisor of u and k.
5
Let c be (-17)/(119/10395)*2/(-2). What is the highest common divisor of 1815 and c?
165
Let v = 38200 + -35904. What is the highest common divisor of v and 84?
28
Let i be (-3)/(-6)*(-1 - -27). Suppose 14 + i = 3*s. Suppose 269 - 170 = 11*a. Calculate the highest common divisor of a and s.
9
Let f = 14315 + -13937. Suppose -m + 4 - 5 = 0, -2*m - 170 = -4*y. Suppose -4*l = 4*x - 180, y + 87 = 3*x + l. What is the highest common factor of f and x?
42
Suppose -4*c + 589 = 2*s - 5*c, -s + 3*c = -292. Suppose -u + s = -0*u. What is the highest common divisor of 59 and u?
59
Let i = 98 + -95. Suppose 0 = i*y + 3*x - 93, 3*x - x - 90 = -3*y. What is the greatest common factor of y and 28?
28
Let s be (1 + 2)/((-16)/40 + 1). Let j(n) = -6*n + 3*n**2 + 2 + 0*n**3 + 4*n**2 - n**3. Let w be j(s). Calculate the greatest common factor of 110 and w.
22
Let c be 77 + 4452/(-63) - (-1 - 1/(-3)). Calculate the highest common divisor of 8659 and c.
7
Let u be (40/6)/((-714)/63 - -12). Let i be (-6)/8 - 13815/(-20). What is the highest common factor of i and u?
10
Suppose 22*o + 79 = -53. Let x(i) = -3*i + 62. Let w be x(o). Calculate the greatest common factor of w and 170.
10
Let r = -39 + 31. Let d be (-2)/r + 99/4. Let v be (20/(-6))/(18/(-27)). What is the highest common divisor of d and v?
5
Suppose 0 = -x - 2*c + 29, -c = -2*c + 5. Calculate the greatest common divisor of x and 16.
1
Suppose 11*u - 23 = 13 + 1097. What is the greatest common factor of u and 4841?
103
Let y = 2718 - 1510. Calculate the highest common divisor of 8 and y.
8
Let m be -3 + (15 + -43 - -955). What is the greatest common factor of 1212 and m?
12
Let m be 750/22 + 600/(-550). What is the highest common divisor of m and 99?
33
Let w(m) = -19*m**2 - 4. Let f be w(-3). Let c = -124 - f. What is the greatest common divisor of c and 17?
17
Suppose 0 = 179*j - 180*j + 2. Let l be (-1)/j*-1*8. What is the highest common factor of 1 and l?
1
Let j(d) = d**3 + 11*d**2 - 42*d. Let z be j(-13). What is the greatest common divisor of 143 and z?
13
Let r(d) = 141*d**3 + 23*d**2 + 6*d + 1. Let u be r(2). Calculate the greatest common factor of 548 and u.
137
Suppose 3*s = -2*p - 83, -p - s - 34 = 3*s. Let o = -19 - p. Calculate the highest common divisor of o and 459.
27
Suppose -24 = -2*l - 3*n - 8, -3*l + 4*n = -7. Suppose 2*k + 4*f = 388, -l*k + 120 = 4*f - 820. Calculate the greatest common divisor of k and 23.
23
Let u be (-1)/(3 - (-26)/(-9)). Let r(g) = -g**2 - 5*g + 13. Let x be r(-7). Let l = x - u. What is the greatest common divisor of l and 56?
8
Let t = 